 a multiple of 36?
False
Is 39011 even?
False
Is 5442171 a multiple of 7?
True
Is 17 a factor of 17952?
True
Does 241 divide 167660?
False
Is 91944 a multiple of 5?
False
Is 10 a factor of 156370?
True
Does 12 divide 1089563?
False
Is 223270 a multiple of 587?
False
Does 20 divide 1116080?
True
Is 1826727 a multiple of 259?
True
Does 23 divide 2372680?
True
Is 49 a factor of 4165565?
False
Is 457 a factor of 10623407?
False
Is 1927 a factor of 1116336?
False
Is 105 a factor of 3039447?
False
Does 83 divide 75898?
False
Is 110 a factor of 218900?
True
Does 21 divide 36393?
True
Is 952172 a multiple of 216?
False
Does 6 divide 170550?
True
Does 164 divide 1569827?
False
Is 469 a factor of 1020889?
False
Does 17 divide 774520?
True
Is 104 a factor of 58136?
True
Is 664745 a multiple of 146?
False
Is 24 a factor of 788391?
False
Is 68 a factor of 357068?
True
Is 8795782 a multiple of 737?
False
Does 19 divide 134478?
False
Is 23 a factor of 188600?
True
Is 15 a factor of 6566?
False
Is 37 a factor of 5941016?
True
Does 84 divide 126588?
True
Is 39 a factor of 8277126?
True
Is 6097542 a multiple of 22?
True
Does 944 divide 8974912?
False
Is 792793 a multiple of 60?
False
Is 2758896 a multiple of 24?
True
Is 16 a factor of 8486?
False
Is 6547164 a multiple of 4?
True
Does 59 divide 43955?
True
Is 286695 a multiple of 23?
True
Does 37 divide 6304985?
True
Is 172 a factor of 130892?
True
Does 31 divide 838395?
True
Is 54 a factor of 415746?
True
Does 51 divide 398055?
True
Is 332208 a multiple of 54?
True
Does 8 divide 54226?
False
Is 1577 a factor of 3153691?
False
Is 38 a factor of 304456?
True
Does 22 divide 434192?
True
Does 778 divide 24930232?
True
Is 53 a factor of 10021293?
True
Is 347 a factor of 2515720?
False
Does 27 divide 190890?
True
Is 34 a factor of 9444921?
False
Does 3 divide 366806?
False
Does 246 divide 26568?
True
Does 117 divide 346554?
True
Is 87 a factor of 109496?
False
Is 94 a factor of 1309138?
True
Does 6 divide 130836?
True
Does 23 divide 852151?
False
Does 53 divide 429462?
False
Is 846 even?
True
Is 3 a factor of 279417?
True
Is 196050 a multiple of 150?
True
Is 22523 a multiple of 223?
True
Does 282 divide 118158?
True
Does 27 divide 4311?
False
Is 471938 a multiple of 49?
False
Does 289 divide 578957?
False
Does 14 divide 1938652?
False
Is 195832 a multiple of 364?
True
Is 218 a factor of 2986511?
False
Does 624 divide 175344?
True
Does 98 divide 393560?
False
Does 446 divide 255112?
True
Does 405 divide 1611238?
False
Does 369 divide 3108087?
True
Does 254 divide 853433?
False
Does 341 divide 187891?
True
Is 420 a factor of 2595600?
True
Does 591 divide 750120?
False
Is 539 a factor of 1859915?
False
Is 3696091 a multiple of 16?
False
Does 11 divide 106425?
True
Is 1624023 a multiple of 281?
False
Is 13 a factor of 22390?
False
Does 10 divide 182803?
False
Is 11 a factor of 9373331?
True
Does 16 divide 227534?
False
Is 13 a factor of 130325?
True
Is 25 a factor of 154200?
True
Is 110 a factor of 5286050?
True
Does 536 divide 5186872?
True
Does 62 divide 1761234?
True
Is 159 a factor of 109233?
True
Does 6 divide 46854?
True
Is 3799076 a multiple of 215?
False
Is 306 a factor of 86498?
False
Is 806913 a multiple of 9?
True
Is 33 a factor of 583605?
True
Does 43 divide 2795989?
True
Does 25 divide 299928?
False
Is 2725746 a multiple of 11?
False
Is 6405 a multiple of 18?
False
Is 5607909 a multiple of 9?
True
Does 3 divide 3714?
True
Is 3228629 a multiple of 421?
False
Does 24 divide 4800?
True
Does 116 divide 187920?
True
Does 26 divide 48724?
True
Is 5285952 a multiple of 1728?
True
Is 1099111 a multiple of 49?
False
Is 804801 a multiple of 58?
False
Is 7514 a multiple of 289?
True
Is 984919 a multiple of 57?
False
Does 28 divide 98738?
False
Is 17 a factor of 1643897?
False
Does 3 divide 286914?
True
Is 601306 a multiple of 82?
True
Is 504347 a multiple of 317?
True
Is 564 a factor of 2147148?
True
Is 106812 a multiple of 46?
True
Does 9 divide 5967?
True
Is 7 a factor of 4255?
False
Is 238352 a multiple of 33?
False
Is 81 a factor of 1544494?
False
Is 28475104 a multiple of 276?
False
Is 135 a factor of 562762?
False
Is 154216 a multiple of 37?
True
Is 4901213 a multiple of 232?
False
Is 660 a factor of 8604731?
False
Does 38 divide 571178?
True
Does 88 divide 1171192?
True
Is 161057 a multiple of 106?
False
Does 7 divide 18018?
True
Is 93023 a multiple of 97?
True
Is 275 a factor of 41800?
True
Is 68 a factor of 318293?
False
Does 323 divide 1438846?
False
Does 25 divide 6928?
False
Is 725 a factor of 1257045?
False
Is 1401477 a multiple of 77?
True
Is 55 a factor of 294745?
True
Is 2 a factor of 2363432?
True
Is 13 a factor of 21663356?
True
Is 6 a factor of 2232154?
False
Is 2321003 a multiple of 147?
False
Is 32 a factor of 74752?
True
Does 27 divide 8745597?
True
Does 23 divide 90647?
False
Is 2 a factor of 464120?
True
Is 45 a factor of 6885?
True
Is 12 a factor of 162316?
False
Is 826 a factor of 3187668?
False
Does 15 divide 586068?
False
Is 8239446 a multiple of 12?
False
Does 6 divide 230817?
False
Is 4 a factor of 224383?
False
Is 133 a factor of 319053?
False
Does 3 divide 17629?
False
Is 25 a factor of 36400?
True
Is 6 a factor of 5520444?
True
Does 168 divide 5878247?
False
Does 42 divide 72224?
False
Is 3767016 a multiple of 57?
True
Does 9 divide 8699?
False
Is 3060 a multiple of 18?
True
Is 9635171 a multiple of 17?
False
Is 1742195 a multiple of 337?
False
Does 18 divide 474109?
False
Is 269434 a multiple of 76?
False
Does 5 divide 118218?
False
Is 267666 a multiple of 212?
False
Does 44 divide 375804?
True
Does 124 divide 22621?
False
Is 49 a factor of 4827722?
False
Does 132 divide 104857?
False
Does 11 divide 799854?
True
Does 32 divide 849608?
False
Is 490440 a multiple of 30?
True
Is 4912 a multiple of 8?
True
Does 349 divide 452600?
False
Is 444737 a multiple of 46?
False
Does 27 divide 6396813?
True
Is 145 a factor of 155585?
True
Is 234324 a multiple of 9?
True
Does 280 divide 267120?
True
Does 47 divide 610059?
False
Is 1444608 a multiple of 288?
True
Does 77 divide 736799?
False
Does 3 divide 7358?
False
Does 119 divide 9471?
False
Is 5 a factor of 4688?
False
Is 198396 a multiple of 54?
True
Is 47070 a multiple of 523?
True
Is 11 a factor of 38983?
False
Is 977425 a multiple of 66?
False
Does 293 divide 910937?
True
Is 195 a factor of 3538804?
False
Is 995600 a multiple of 95?
True
Does 1057 divide 434427?
True
Is 445 a factor of 3385314?
False
Is 183396 a multiple of 124?
True
Is 592 a factor of 1230176?
True
Is 3855540 a multiple of 78?
True
Is 19805 a multiple of 85?
True
Does 3 divide 202374?
True
Is 364 a factor of 373105?
False
Is 1317210 a multiple of 115?
True
Does 460 divide 196542?
False
Is 153 a factor of 73134?
True
Is 30 a factor of 792660?
True
Is 194171 a multiple of 9?
False
Is 5 a factor of 10315290?
True
Is 220558 a multiple of 19?
False
Is 794637 a multiple of 171?
True
Does 5 divide 194151?
False
Is 140 a factor of 2902306?
False
Does 11 divide 153384?
True
Is 55448 a multiple of 2?
True
Is 1801101 a multiple of 6?
False
Does 35 divide 3323460?
True
Does 104 divide 5955248?
True
Is 337 a factor of 134287?
False
Is 300317 a multiple of 736?
False
Does 123 divide 1193592?
True
Does 55 divide 28345?
False
Is 946907 a multiple of 169?
True
Is 76 a factor of 181272?
False
Is 40 a factor of 657000?
True
Is 13 a factor of 300072?
False
Does 422 divide 3406862?
False
Is 9780 a multiple of 3?
True
Does 92 divide 1414681?
False
Is 3693741 a multiple of 7?
False
Is 122008 a multiple of 101?
True
Is 16 a factor of 821544?
False
Is 7 a factor of 357952?
True
Is 16718 a multiple of 4?
False
Is 341724 a multiple of 14?
False
Is 9 a factor of 4468365?
True
Is 2296296 a multiple of 13?
False
Is 312 a factor of 7939776?
True
Is 287350 a multiple of 25?
True
Does 502 divide 1574774?
True
Is 13 a factor of 1003153?
False
Is 65 a factor of 2958880?
False
Is 2034585 a multiple of 5?
True
Is 14 a factor of 22144962?
True
Does 18 divide 13154?
False
Is 1893 a factor of 5087074?
False
Is 132 a factor of 1466566?
False
Does 7 divide 421821?
False
Is 116 a factor of 17545812?
True
Is 41 a factor of 1525654?
False
Is 63 a factor of 25163?
False
Does 74 divide 95623?
False
Does 80 divide 475